{"id":1001,"date":"2025-01-02T19:45:24","date_gmt":"2025-01-02T18:45:24","guid":{"rendered":"http:\/\/5.45.101.177\/entrain\/?page_id=1001"},"modified":"2025-12-15T20:43:49","modified_gmt":"2025-12-15T19:43:49","slug":"webinaires","status":"publish","type":"page","link":"https:\/\/reseauentrain.eu\/?page_id=1001","title":{"rendered":"Webinaires"},"content":{"rendered":"\n<p>Nous poursuivons et intensifions nos s\u00e9minaires en ligne et nous les ouvrons au public sans restriction. Ils joueront le r\u00f4le de pr\u00e9paration de nos forums annuels.<\/p>\n\n\n\n<p>Restez connect\u00e9s.<\/p>\n\n\n\n<p>Pour cette rentr\u00e9e le 7\u00e8me de la s\u00e9rie aura lieu le <strong>10 septembre de 18h00 \u00e0 19h30<\/strong> en fran\u00e7ais sous-titr\u00e9 en n\u00e9erlandais.<\/p>\n\n\n\n<figure class=\"wp-block-image size-large\"><img decoding=\"async\" loading=\"lazy\" width=\"724\" height=\"1024\" src=\"http:\/\/5.45.101.177\/entrain\/wp-content\/uploads\/2025\/08\/webinaireentrain-anvers-f-724x1024.jpg\" alt=\"\" class=\"wp-image-2080\" srcset=\"https:\/\/reseauentrain.eu\/wp-content\/uploads\/2025\/08\/webinaireentrain-anvers-f-724x1024.jpg 724w, https:\/\/reseauentrain.eu\/wp-content\/uploads\/2025\/08\/webinaireentrain-anvers-f-212x300.jpg 212w, https:\/\/reseauentrain.eu\/wp-content\/uploads\/2025\/08\/webinaireentrain-anvers-f-768x1087.jpg 768w, https:\/\/reseauentrain.eu\/wp-content\/uploads\/2025\/08\/webinaireentrain-anvers-f-1086x1536.jpg 1086w, https:\/\/reseauentrain.eu\/wp-content\/uploads\/2025\/08\/webinaireentrain-anvers-f-600x849.jpg 600w, https:\/\/reseauentrain.eu\/wp-content\/uploads\/2025\/08\/webinaireentrain-anvers-f-1000x1415.jpg 1000w, https:\/\/reseauentrain.eu\/wp-content\/uploads\/2025\/08\/webinaireentrain-anvers-f-230x325.jpg 230w, https:\/\/reseauentrain.eu\/wp-content\/uploads\/2025\/08\/webinaireentrain-anvers-f-350x495.jpg 350w, https:\/\/reseauentrain.eu\/wp-content\/uploads\/2025\/08\/webinaireentrain-anvers-f-480x679.jpg 480w, https:\/\/reseauentrain.eu\/wp-content\/uploads\/2025\/08\/webinaireentrain-anvers-f.jpg 1405w\" sizes=\"(max-width: 724px) 100vw, 724px\" \/><\/figure>\n\n\n\n<figure class=\"wp-block-image size-large\"><img decoding=\"async\" loading=\"lazy\" width=\"724\" height=\"1024\" src=\"http:\/\/5.45.101.177\/entrain\/wp-content\/uploads\/2025\/08\/webinaireentrain-anvers-nl-v2-724x1024.jpg\" alt=\"\" class=\"wp-image-2081\" srcset=\"https:\/\/reseauentrain.eu\/wp-content\/uploads\/2025\/08\/webinaireentrain-anvers-nl-v2-724x1024.jpg 724w, https:\/\/reseauentrain.eu\/wp-content\/uploads\/2025\/08\/webinaireentrain-anvers-nl-v2-212x300.jpg 212w, https:\/\/reseauentrain.eu\/wp-content\/uploads\/2025\/08\/webinaireentrain-anvers-nl-v2-768x1087.jpg 768w, https:\/\/reseauentrain.eu\/wp-content\/uploads\/2025\/08\/webinaireentrain-anvers-nl-v2-1086x1536.jpg 1086w, https:\/\/reseauentrain.eu\/wp-content\/uploads\/2025\/08\/webinaireentrain-anvers-nl-v2-600x849.jpg 600w, https:\/\/reseauentrain.eu\/wp-content\/uploads\/2025\/08\/webinaireentrain-anvers-nl-v2-1000x1415.jpg 1000w, https:\/\/reseauentrain.eu\/wp-content\/uploads\/2025\/08\/webinaireentrain-anvers-nl-v2-230x325.jpg 230w, https:\/\/reseauentrain.eu\/wp-content\/uploads\/2025\/08\/webinaireentrain-anvers-nl-v2-350x495.jpg 350w, https:\/\/reseauentrain.eu\/wp-content\/uploads\/2025\/08\/webinaireentrain-anvers-nl-v2-480x679.jpg 480w, https:\/\/reseauentrain.eu\/wp-content\/uploads\/2025\/08\/webinaireentrain-anvers-nl-v2.jpg 1405w\" sizes=\"(max-width: 724px) 100vw, 724px\" \/><\/figure>\n\n\n\n<p><strong>La Jonction Nord-Midi d&rsquo;Anvers : Une occasion rat\u00e9e pour un RER ?<\/strong><\/p>\n\n\n\n<p><em><strong>Noord-Zuidverbinding Antwerpen: een gemiste kans voor een S-SPOOR ?<\/strong><\/em><\/p>\n\n\n\n<p>Avec <strong>Marc Broeckaert<\/strong>, membre du CA du ReizigersBond, g\u00e9ographe et urbaniste, ancien collaborateur du service d\u2019\u00e9tudes de l\u2019Institut Belge pour la S\u00e9curit\u00e9 Routi\u00e8re IBSR \/ VIAS.<\/p>\n\n\n\n<p><em>Met <strong>Marc Broeckaert<\/strong>, lid van de raad van bestuur van ReizigersBond, geograaf en stedenbouwkundige, voormalig medewerker van de studiedienst van het Belgisch Instituut voor Verkeersveiligheid (BIVV\/VIAS).<\/em><\/p>\n\n\n\n<p><strong>Le lien visio est communiqu\u00e9 apr\u00e8s inscription (en donnant vos noms et pr\u00e9noms) au mail : <\/strong><em><a rel=\"noreferrer noopener\" href=\"mailto:reseau.entrain@laposte.net?subject=&quot;inscription w\u00e9binaire 2025-01&quot;\" data-type=\"mailto\" data-id=\"mailto:reseau.entrain@laposte.net\" target=\"_blank\">reseau.entrain@laposte.net<\/a><\/em><\/p>\n\n\n\n<p><strong><em>DE ZOOM-videoLINK WORDT NAAR U VERZONDEN na registratie (ACHTERNAAM VOORNAAM) naar:<\/em><\/strong> <em><a rel=\"noreferrer noopener\" href=\"mailto:reseau.entrain@laposte.net?subject=&quot;inscription w\u00e9binaire 2025-01&quot;\" data-type=\"mailto\" data-id=\"mailto:reseau.entrain@laposte.net\" target=\"_blank\">reseau.entrain@laposte.net<\/a><\/em><\/p>\n\n\n\n<p><strong><em>NOUVEAU : tous nos webinaires sont sous-titr\u00e9s en direct dans la langue de votre choix.<\/em><\/strong><\/p>\n\n\n\n<pre class=\"wp-block-code\"><code>\n<\/code><\/pre>\n\n\n<p><\/p>\n<p><\/p><center><br>\n<iframe loading=\"lazy\" width=\"560\" height=\"315\" src=\"https:\/\/www.youtube.com\/embed\/GXgxG6ZK3Jk?si=JsqG2xLs_ChOFdoq\" title=\"YouTube video player\" frameborder=\"0\" allow=\"accelerometer; autoplay; clipboard-write; encrypted-media; gyroscope; picture-in-picture; web-share\" referrerpolicy=\"strict-origin-when-cross-origin\" allowfullscreen=\"\"><\/iframe><p><\/p>\n<p><\/p><\/center><p><\/p>\n\n\n<p>Les webinaires pass\u00e9s peuvent \u00eatre consult\u00e9s <strong><a href=\"https:\/\/reseauentrain.eu\/?page_id=1056\" data-type=\"URL\">ici<\/a><\/strong>.<\/p>\n","protected":false},"excerpt":{"rendered":"<p>Nous poursuivons et intensifions nos s\u00e9minaires en ligne et nous les ouvrons au public sans restriction. Ils joueront le r\u00f4le de pr\u00e9paration&hellip; <a class=\"read-more-link\" href=\"https:\/\/reseauentrain.eu\/?page_id=1001\">En lire plus<\/a><\/p>\n","protected":false},"author":1,"featured_media":0,"parent":0,"menu_order":0,"comment_status":"closed","ping_status":"closed","template":"","meta":[],"_links":{"self":[{"href":"https:\/\/reseauentrain.eu\/index.php?rest_route=\/wp\/v2\/pages\/1001"}],"collection":[{"href":"https:\/\/reseauentrain.eu\/index.php?rest_route=\/wp\/v2\/pages"}],"about":[{"href":"https:\/\/reseauentrain.eu\/index.php?rest_route=\/wp\/v2\/types\/page"}],"author":[{"embeddable":true,"href":"https:\/\/reseauentrain.eu\/index.php?rest_route=\/wp\/v2\/users\/1"}],"replies":[{"embeddable":true,"href":"https:\/\/reseauentrain.eu\/index.php?rest_route=%2Fwp%2Fv2%2Fcomments&post=1001"}],"version-history":[{"count":41,"href":"https:\/\/reseauentrain.eu\/index.php?rest_route=\/wp\/v2\/pages\/1001\/revisions"}],"predecessor-version":[{"id":2416,"href":"https:\/\/reseauentrain.eu\/index.php?rest_route=\/wp\/v2\/pages\/1001\/revisions\/2416"}],"wp:attachment":[{"href":"https:\/\/reseauentrain.eu\/index.php?rest_route=%2Fwp%2Fv2%2Fmedia&parent=1001"}],"curies":[{"name":"wp","href":"https:\/\/api.w.org\/{rel}","templated":true}]}}