{"id":2251,"date":"2025-09-09T15:27:43","date_gmt":"2025-09-09T13:27:43","guid":{"rendered":"http:\/\/5.45.101.177\/entrain\/?page_id=2251"},"modified":"2026-02-25T15:43:03","modified_gmt":"2026-02-25T14:43:03","slug":"forum-2025","status":"publish","type":"page","link":"https:\/\/reseauentrain.eu\/?page_id=2251","title":{"rendered":"Forum 2025"},"content":{"rendered":"\r\n<p>Le Forum 2025 du R\u00e9seau #enTrain a eu lieu \u00e0 Grenoble, au milieu des Alpes, le <strong>vendredi 3 octobre 2025<\/strong>.<\/p>\r\n\r\n\r\n\r\n<figure class=\"wp-block-image size-large is-resized\"><img decoding=\"async\" loading=\"lazy\" class=\"wp-image-2253\" src=\"http:\/\/5.45.101.177\/entrain\/wp-content\/uploads\/2025\/09\/1646_091_Grenoble-Alpes-Metropole-1024x267.png\" alt=\"\" width=\"790\" height=\"205\" srcset=\"https:\/\/reseauentrain.eu\/wp-content\/uploads\/2025\/09\/1646_091_Grenoble-Alpes-Metropole-1024x267.png 1024w, https:\/\/reseauentrain.eu\/wp-content\/uploads\/2025\/09\/1646_091_Grenoble-Alpes-Metropole-300x78.png 300w, https:\/\/reseauentrain.eu\/wp-content\/uploads\/2025\/09\/1646_091_Grenoble-Alpes-Metropole-768x200.png 768w, https:\/\/reseauentrain.eu\/wp-content\/uploads\/2025\/09\/1646_091_Grenoble-Alpes-Metropole-1536x400.png 1536w, https:\/\/reseauentrain.eu\/wp-content\/uploads\/2025\/09\/1646_091_Grenoble-Alpes-Metropole-600x156.png 600w, https:\/\/reseauentrain.eu\/wp-content\/uploads\/2025\/09\/1646_091_Grenoble-Alpes-Metropole-1000x260.png 1000w, https:\/\/reseauentrain.eu\/wp-content\/uploads\/2025\/09\/1646_091_Grenoble-Alpes-Metropole-230x60.png 230w, https:\/\/reseauentrain.eu\/wp-content\/uploads\/2025\/09\/1646_091_Grenoble-Alpes-Metropole-350x91.png 350w, https:\/\/reseauentrain.eu\/wp-content\/uploads\/2025\/09\/1646_091_Grenoble-Alpes-Metropole-480x125.png 480w, https:\/\/reseauentrain.eu\/wp-content\/uploads\/2025\/09\/1646_091_Grenoble-Alpes-Metropole.png 1920w\" sizes=\"(max-width: 790px) 100vw, 790px\" \/><\/figure>\r\n\r\n\r\n\r\n<p>En guise de premi\u00e8re journ\u00e9e du colloque des 3 et 4 octobre dont le th\u00e8me est <em><strong>\u00ab\u00a0Du train pour nos montagnes !\u00a0\u00bb<\/strong><\/em><\/p>\r\n\r\n\r\n\r\n<figure class=\"wp-block-image size-large\"><img decoding=\"async\" loading=\"lazy\" width=\"724\" height=\"1024\" class=\"wp-image-2222\" src=\"http:\/\/5.45.101.177\/entrain\/wp-content\/uploads\/2025\/09\/DuTrainPourNosMontagnes-v12-1-724x1024.jpg\" alt=\"\" srcset=\"https:\/\/reseauentrain.eu\/wp-content\/uploads\/2025\/09\/DuTrainPourNosMontagnes-v12-1-724x1024.jpg 724w, https:\/\/reseauentrain.eu\/wp-content\/uploads\/2025\/09\/DuTrainPourNosMontagnes-v12-1-212x300.jpg 212w, https:\/\/reseauentrain.eu\/wp-content\/uploads\/2025\/09\/DuTrainPourNosMontagnes-v12-1-768x1087.jpg 768w, https:\/\/reseauentrain.eu\/wp-content\/uploads\/2025\/09\/DuTrainPourNosMontagnes-v12-1-1086x1536.jpg 1086w, https:\/\/reseauentrain.eu\/wp-content\/uploads\/2025\/09\/DuTrainPourNosMontagnes-v12-1-600x849.jpg 600w, https:\/\/reseauentrain.eu\/wp-content\/uploads\/2025\/09\/DuTrainPourNosMontagnes-v12-1-1000x1415.jpg 1000w, https:\/\/reseauentrain.eu\/wp-content\/uploads\/2025\/09\/DuTrainPourNosMontagnes-v12-1-230x325.jpg 230w, https:\/\/reseauentrain.eu\/wp-content\/uploads\/2025\/09\/DuTrainPourNosMontagnes-v12-1-350x495.jpg 350w, https:\/\/reseauentrain.eu\/wp-content\/uploads\/2025\/09\/DuTrainPourNosMontagnes-v12-1-480x679.jpg 480w, https:\/\/reseauentrain.eu\/wp-content\/uploads\/2025\/09\/DuTrainPourNosMontagnes-v12-1.jpg 1413w\" sizes=\"(max-width: 724px) 100vw, 724px\" \/><\/figure>\r\n\r\n\r\n\r\n<p>O\u00f9 ?<\/p>\r\n\r\n\r\n\r\n<p><strong>Au si\u00e8ge de Grenoble Alpes M\u00e9tropole<\/strong><br \/>Place Andr\u00e9 Malraux<\/p>\r\n\r\n\r\n\r\n<figure class=\"wp-block-image size-full is-resized\"><img decoding=\"async\" loading=\"lazy\" class=\"wp-image-2259\" src=\"http:\/\/5.45.101.177\/entrain\/wp-content\/uploads\/2025\/09\/77_275_actualites_la_metropole_a_demenage_elle_vous_accueille_place_malraux_a_grenoble.jpg\" alt=\"\" width=\"790\" height=\"527\" srcset=\"https:\/\/reseauentrain.eu\/wp-content\/uploads\/2025\/09\/77_275_actualites_la_metropole_a_demenage_elle_vous_accueille_place_malraux_a_grenoble.jpg 600w, https:\/\/reseauentrain.eu\/wp-content\/uploads\/2025\/09\/77_275_actualites_la_metropole_a_demenage_elle_vous_accueille_place_malraux_a_grenoble-300x200.jpg 300w, https:\/\/reseauentrain.eu\/wp-content\/uploads\/2025\/09\/77_275_actualites_la_metropole_a_demenage_elle_vous_accueille_place_malraux_a_grenoble-230x153.jpg 230w, https:\/\/reseauentrain.eu\/wp-content\/uploads\/2025\/09\/77_275_actualites_la_metropole_a_demenage_elle_vous_accueille_place_malraux_a_grenoble-350x233.jpg 350w, https:\/\/reseauentrain.eu\/wp-content\/uploads\/2025\/09\/77_275_actualites_la_metropole_a_demenage_elle_vous_accueille_place_malraux_a_grenoble-480x320.jpg 480w\" sizes=\"(max-width: 790px) 100vw, 790px\" \/><\/figure>\r\n\r\n\r\n\r\n<p><strong>Programme :<\/strong><\/p>\r\n\r\n\r\n\r\n<p>09h30 &#8211; 11h30<br \/>S\u00e9ance de travail interne au R\u00e9seau.<\/p>\r\n\r\n\r\n\r\n<p>12h15<br \/>Inauguration alternative de la gare de Pont de Claix l&rsquo;Etoile<br \/>Parvis de la gare SNCF de Pont de Claix<\/p>\r\n\r\n\r\n\r\n<p>12h30<br \/>Conf\u00e9rence de presse<br \/>La place des petites lignes dans le contexte de mise en \u0153uvre des Services Express R\u00e9gionaux M\u00e9tropolitains (SERM) : \u00e9tat de l&rsquo;infrastructure en montagne, enjeux du financement. Nous r\u00e9clamons \u00ab\u00a0Du train pour nos montagnes !\u00a0\u00bb<\/p>\r\n\r\n\r\n\r\n<p>&nbsp;<\/p>\r\n\r\n\r\n\r\n<p><strong>Apr\u00e8s-midi : trois temps de d\u00e9bat (acc\u00e8s sur inscription)<\/strong><\/p>\r\n\r\n\r\n\r\n<p><br \/>14h30<br \/>Agglom\u00e9rations de Grenoble et Chamb\u00e9ry : Comment ins\u00e9rer un SERM (RER r\u00e9gional) dans le projet global de mobilit\u00e9 ?<br \/>avec Christophe FERRARI, pr\u00e9sident M\u00e9tropole Grenoble \/ Alain CARACO, \u00e9lu M\u00e9tropole Chamb\u00e9ry \/ Jean-Charles Kohlhaas, vice-pr\u00e9sident Sytral \/ Michel LEON, expert et animateur du blog Rail du Sud \/ Animation Beno\u00eet DURAND<\/p>\r\n\r\n\r\n\r\n<p><br \/>15h45<br \/>TER et d\u00e9veloppement touristique : \u00e0 quelles conditions ?<br \/>avec Fiona MILLE, pr\u00e9sidente de Moutain Wilderness \/ Alain FAURE, Conseil de D\u00e9veloppement de la M\u00e9tropole de Grenoble<\/p>\r\n\r\n\r\n\r\n<p><br \/>17h00<br \/>Les dessertes locales en territoire de montagne : quatre exemples<br \/>avec Federico SANTAGATI, Osservatorio ferrovia del Tenda \/ Patricia ROCHES, Amiga \/ Marc GOUTTEBROZE, AuRAil \/ Fran\u00e7ois SCHREUER, ASBL Urba Agora \/ Animation J\u00e9r\u00e9mie ANNE<\/p>\r\n\r\n\r\n\r\n<p>Le programme complet des deux journ\u00e9es se trouve ici en <em><strong><a href=\"https:\/\/reseauentrain.eu\/wp-content\/uploads\/2025\/09\/DuTrainPourNosMontagnes-finale-finale.pdf\" target=\"_blank\" rel=\"noreferrer noopener\">PDF<\/a><\/strong><\/em><\/p>\r\n\r\n\r\n\r\n<figure class=\"wp-block-image size-large\"><img decoding=\"async\" loading=\"lazy\" width=\"724\" height=\"1024\" class=\"wp-image-2305\" src=\"http:\/\/5.45.101.177\/entrain\/wp-content\/uploads\/2025\/09\/DuTrainPourNosMontagnes-finale-finale-2-724x1024.jpg\" alt=\"\" srcset=\"https:\/\/reseauentrain.eu\/wp-content\/uploads\/2025\/09\/DuTrainPourNosMontagnes-finale-finale-2-724x1024.jpg 724w, https:\/\/reseauentrain.eu\/wp-content\/uploads\/2025\/09\/DuTrainPourNosMontagnes-finale-finale-2-212x300.jpg 212w, https:\/\/reseauentrain.eu\/wp-content\/uploads\/2025\/09\/DuTrainPourNosMontagnes-finale-finale-2-768x1087.jpg 768w, https:\/\/reseauentrain.eu\/wp-content\/uploads\/2025\/09\/DuTrainPourNosMontagnes-finale-finale-2-1086x1536.jpg 1086w, https:\/\/reseauentrain.eu\/wp-content\/uploads\/2025\/09\/DuTrainPourNosMontagnes-finale-finale-2-600x849.jpg 600w, https:\/\/reseauentrain.eu\/wp-content\/uploads\/2025\/09\/DuTrainPourNosMontagnes-finale-finale-2-1000x1415.jpg 1000w, https:\/\/reseauentrain.eu\/wp-content\/uploads\/2025\/09\/DuTrainPourNosMontagnes-finale-finale-2-230x325.jpg 230w, https:\/\/reseauentrain.eu\/wp-content\/uploads\/2025\/09\/DuTrainPourNosMontagnes-finale-finale-2-350x495.jpg 350w, https:\/\/reseauentrain.eu\/wp-content\/uploads\/2025\/09\/DuTrainPourNosMontagnes-finale-finale-2-480x679.jpg 480w, https:\/\/reseauentrain.eu\/wp-content\/uploads\/2025\/09\/DuTrainPourNosMontagnes-finale-finale-2.jpg 1413w\" sizes=\"(max-width: 724px) 100vw, 724px\" \/><\/figure>\r\n\r\n\r\n\r\n<p>Le replay int\u00e9gral :<\/p>\r\n<p>&nbsp;<\/p>\r\n<p><\/p>\r\n<p><iframe loading=\"lazy\" title=\"YouTube video player\" src=\"https:\/\/www.youtube.com\/embed\/eYoI32LKzhI?si=6OiRyrDOonFOmv52\" width=\"560\" height=\"315\" frameborder=\"0\" allowfullscreen=\"allowfullscreen\"><\/iframe><\/p>\r\n<p><\/p>\r\n<p>&nbsp;<\/p>\r\n<p>\r\n\r\n<\/p>\r\n<hr class=\"wp-block-separator has-alpha-channel-opacity\" \/>\r\n<p>\r\n\r\n<\/p>\r\n<p>Pour m\u00e9moire le <a href=\"https:\/\/reseauentrain.eu\/?page_id=758\" target=\"_blank\" rel=\"noreferrer noopener\">Forum 2024<\/a> \u00e0 Roubaix.<\/p>\r\n<p>\r\n\r\n<\/p>\r\n<p>Pour m\u00e9moire le <a href=\"https:\/\/reseauentrain.eu\/?page_id=310\">Forum 2023<\/a> \u00e0 Bruxelles.<\/p>\r\n<p><\/p>","protected":false},"excerpt":{"rendered":"<p>Le Forum 2025 du R\u00e9seau #enTrain a eu lieu \u00e0 Grenoble, au milieu des Alpes, le vendredi 3 octobre 2025. En guise&hellip; <a class=\"read-more-link\" href=\"https:\/\/reseauentrain.eu\/?page_id=2251\">En lire plus<\/a><\/p>\n","protected":false},"author":1,"featured_media":0,"parent":0,"menu_order":0,"comment_status":"closed","ping_status":"closed","template":"","meta":[],"_links":{"self":[{"href":"https:\/\/reseauentrain.eu\/index.php?rest_route=\/wp\/v2\/pages\/2251"}],"collection":[{"href":"https:\/\/reseauentrain.eu\/index.php?rest_route=\/wp\/v2\/pages"}],"about":[{"href":"https:\/\/reseauentrain.eu\/index.php?rest_route=\/wp\/v2\/types\/page"}],"author":[{"embeddable":true,"href":"https:\/\/reseauentrain.eu\/index.php?rest_route=\/wp\/v2\/users\/1"}],"replies":[{"embeddable":true,"href":"https:\/\/reseauentrain.eu\/index.php?rest_route=%2Fwp%2Fv2%2Fcomments&post=2251"}],"version-history":[{"count":15,"href":"https:\/\/reseauentrain.eu\/index.php?rest_route=\/wp\/v2\/pages\/2251\/revisions"}],"predecessor-version":[{"id":2488,"href":"https:\/\/reseauentrain.eu\/index.php?rest_route=\/wp\/v2\/pages\/2251\/revisions\/2488"}],"wp:attachment":[{"href":"https:\/\/reseauentrain.eu\/index.php?rest_route=%2Fwp%2Fv2%2Fmedia&parent=2251"}],"curies":[{"name":"wp","href":"https:\/\/api.w.org\/{rel}","templated":true}]}}